hat is -3456772 (base 8) in base 9?
-1684520
1012011221111 (base 3) to base 13
192439
What is 10011001011100010000 (base 2) in base 14?
125088
Convert -1113020033 (base 4) to base 12.
-15263b
Convert -37c50 (base 14) to base 11.
-93925
Convert 5450515 (base 9) to base 13.
7b6140
What is 2655646 (base 8) in base 4?
2311232212
What is a0022 (base 13) in base 3?
112111211012
Convert -100310041 (base 5) to base 3.
-202100120202
What is 10021312212 (base 4) in base 9?
2038656
What is -13232510 (base 6) in base 16?
-6b69a
-20102210102002 (base 3) to base 16
-34325f
Convert 149aa23 (base 12) to base 4.
33332020323
-1202211212021 (base 3) to base 5
-220114032
Convert 112233313 (base 4) to base 11.
64005
Convert 101110110101000111 (base 2) to base 10.
191815
What is -56179a (base 13) in base 10?
-2031338
What is 5533048 (base 9) in base 3?
12121010001122
113130111 (base 4) to base 14
26dc9
10226606 (base 7) to base 5
210124232
What is 1153219 (base 10) in base 14?
2203ab
What is -4023124 (base 5) in base 7?
-355032
Convert 446121 (base 7) to base 8.
232152
-1c54bc (base 14) to base 2
-11110111011011101110
Convert -74886 (base 13) to base 8.
-632401
-11572445 (base 8) to base 16
-26f525
What is 122121122020002 (base 3) in base 13?
1c2a346
Convert -123032421 (base 5) to base 4.
-2101200102
Convert 10111000010010101111010 (base 2) to base 9.
12323735
-1b8cb05 (base 14) to base 13
-2b19ab9
What is 477754 (base 10) in base 15?
96854
Convert 12322445 (base 6) to base 12.
173425
-101011010010001110 (base 2) to base 12
-86726
Convert 1010010000101111100001 (base 2) to base 8.
12205741
What is -cb3af (base 16) in base 9?
-1507783
1010020120 (base 3) to base 8
53037
What is -111904 (base 12) in base 13?
-970cc
What is 68d72 (base 16) in base 12?
188616
Convert -1cb49a (base 14) to base 8.
-3733440
What is 1031104333 (base 5) in base 2?
1000011010110001111011
Convert -10110000010001010 (base 2) to base 12.
-4428a
-2331013 (base 5) to base 8
-123211
Convert 31332330 (base 5) to base 9.
437745
774047 (base 10) to base 4
2330332133
What is -b61e2 (base 16) in base 14?
-155bc6
What is 2037629 (base 10) in base 7?
23214416
-12876714 (base 10) to base 7
-214310304
-50211041 (base 6) to base 15
-1cebb4
-28a43 (base 14) to base 10
-100803
-12102000110101 (base 3) to base 6
-141333444
What is 883c0 (base 15) in base 13?
122037
What is 4456671 (base 10) in base 6?
235304423
-15313 (base 13) to base 10
-40069
What is 123220131 (base 4) in base 12?
555b9
What is -20101022331 (base 4) in base 16?
-2112bd
2bc8d (base 14) to base 12
53445
Convert 200021200121221 (base 3) to base 5.
4441423143
Convert 32113300 (base 4) to base 5.
3340424
Convert 71dc1 (base 16) to base 14.
c1d61
What is -12021032011 (base 4) in base 14?
-2dcd6d
-101011000101 (base 3) to base 13
-6cbcb
-136000 (base 10) to base 16
-21340
41007 (base 16) to base 10
266247
1341312 (base 7) to base 11
111956
-2d01b2 (base 14) to base 10
-1575408
Convert 5736844 (base 11) to base 10.
10038087
Convert a85aa (base 12) to base 5.
24101114
Convert -35333551 (base 7) to base 9.
-5771741
What is -13525032 (base 6) in base 4?
-1300322030
What is -101010100010001000110 (base 2) in base 14?
-283cc6
Convert 220220101012110 (base 3) to base 12.
4522979
1562422 (base 7) to base 5
23420423
10a07b (base 12) to base 2
1000000111111011111
-11000100111111101000 (base 2) to base 14
-1700ac
What is -924 (base 13) in base 14?
-7cb
What is 8660a (base 12) in base 5?
21132010
Convert 556753 (base 14) to base 16.
2c3ca5
Convert -1427878 (base 9) to base 7.
-6454145
What is -8661408 (base 11) in base 12?
-5124927
Convert 2a1815 (base 14) to base 3.
2202101102101
Convert 321032213 (base 4) to base 8.
711647
-8992a (base 11) to base 13
-47377
-96835 (base 10) to base 9
-156744
What is 10010201020 (base 3) in base 14?
18711
Convert -168830 (base 12) to base 16.
-5eca4
Convert 15345340 (base 7) to base 5.
334124303
What is 3042020032 (base 5) in base 6?
340552012
What is 722c1b (base 13) in base 14?
4d44b1
a02902 (base 12) to base 2
1001100000101010010010
111121221 (base 3) to base 15
2e24
What is 2211102201 (base 3) in base 5?
3240340
What is -522241414 (base 6) in base 9?
-18056851
What is -54991 (base 10) in base 16?
-d6cf
What is 22000440 (base 7) in base 8?
7134760
-438883 (base 9) to base 15
-52b59
Convert -474c4d (base 14) to base 6.
-124054405
What is 614780 (base 11) in base 14?
1b9aaa
Convert -38024 (base 11) to base 6.
-1100433
Convert -3633765 (base 8) to base 15.
-14a7b0
What is 306321520 (base 7) in base 6?
1443001054
341586 (base 10) to base 14
8c6b0
Convert 2172621 (base 9) to base 10.
1169821
1679209 (base 12) to base 13
c65c64
1d1ea (base 15) to base 10
94945
Convert 4a6b62 (base 13) to base 4.
12310000233
-881031 (base 10) to base 14
-18d10b
-1095615 (base 10) to base 2
-100001011011110111111
What is -5103221 (base 6) in base 12?
-b7b11
-212022220110 (base 3) to base 6
-13501533
201222020122 (base 3) to base 8
1377626
-1101101101101111010010 (base 2) to base 3
-20202122201020
-10100000110010001100001 (base 2) to base 3
-100220200010111
What is 102030010 (base 5) in base 14?
b0603
-120740 (base 10) to base 13
-42c59
Convert 274406 (base 10) to base 12.
112972
What is 4774261 (base 9) in base 12?
a49947
Convert -151023301 (base 6) to base 14.
-5b65b7
What is -30432230 (base 6) in base 15?
-12454c
Convert 1331023 (base 6) to base 12.
36a73
24342326 (base 7) to base 13
5b37b7
Convert -2193850 (base 10) to base 16.
-2179ba
Convert 3210333020 (base 4) to base 14.
1a5b4c
What is 5491 (base 13) in base 5?
334104
Convert 159bb46 (base 14) to base 3.
201221101002011
What is -102022223222 (base 4) in base 15?
-6410eb
-564c6b (base 15) to base 13
-b11b68
Convert -4ad97 (base 15) to base 11.
-153891
-4396929 (base 10) to base 7
-52242015
Convert -5465333 (base 8) to base 14.
-2a3591
314003 (base 6) to base 16
6393
Convert -10111000110110001 (base 2) to base 7.
-542631
322102023 (base 4) to base 15
4ab06
Convert -1111001100010011 (base 2) to base 16.
-f313
-435511111 (base 6) to base 3
-112201220110121
-20121022121 (base 3) to base 9
-217277
-139bd1 (base 14) to base 2
-10100110000010101011
Convert -99093 (base 11) to base 8.
-430752
4007 (base 9) to base 8
5553
-1838309 (base 12) to base 10
-5053113
What is 54e18 (base 16) in base 12?
149248
Convert 130122233 (base 5) to base 2.
10011001101110111101
Convert -150313534 (base 7) to base 9.
-20624447
Convert -14ec38 (base 15) to base 9.
-1812028
Convert -1233101310 (base 4) to base 10.
-455796
-104337 (base 8) to base 2
-1000100011011111
Convert -32b139 (base 12) to base 15.
-10e260
Convert 2bc9a (base 13) to base 11.
57769
-132224400 (base 5) to base 16
-a231e
What is -111011200022001 (base 3) in base 10?
-7000804
Convert 3ae02 (base 15) to base 3.
100120221202
Convert 300312402 (base 5) to base 12.
4901ab
Convert -996183 (base 15) to base 9.
-14672226
What is -6298eb (base 15) in base 2?
-10001111000111111101000
Convert -27b68 (base 14) to base 10.
-98288
Convert -748b (base 15) to base 8.
-60120
Convert 1021212212000 (base 3) to base 4.
2213220102
Convert 17283380 (base 9) to base 11.
4996574
What is 3816708 (base 10) in base 14?
714d00
Convert -f965ef (base 16) to base 3.
-1010202101112001
6767431 (base 11) to base 8
55161104
What is 112b325 (base 12) in base 6?
154350045
Convert -7f91 (base 16) to base 9.
-48715
Convert -10100100111000001 (base 2) to base 12.
-40a29
Convert -1a754 (base 13) to base 10.
-51783
Convert 1341923 (base 12) to base 2.
1110100100001111101011
What is -2312231220 (base 4) in base 13?
-202848
Convert 1e9c2a (base 16) to base 5.
1003143213
Convert -1d6e5 (base 15) to base 14.
-2701b
What is -18bb82 (base 15) in base 9?
-2234635
What is 1011010110001000101 (base 2) in base 3?
200212222200
What is 10010100101100011000011 (base 2) in base 13?
1017990
Convert 1123012120 (base 5) to base 2.
1001101110000001001001
Convert 642561 (base 9) to base 13.
105109
-bcb18 (base 14) to base 5
-104121212
Convert -23214717 (base 8) to base 12.
-1838153
Convert -1110010001110010001 (base 2) to base 3.
-212202210001
What is 361000 (base 7) in base 16?
fe92
Convert -1022101001221 (base 3) to base 14.
-141a3d
What is 16104 (base 7) in base 10?
4512
2b755 (base 12) to base 6
115254